{"id":218,"date":"2020-05-12T03:43:04","date_gmt":"2020-05-12T03:43:04","guid":{"rendered":"https:\/\/esfrecelaya.com\/index.php\/about\/"},"modified":"2024-10-21T01:52:45","modified_gmt":"2024-10-21T01:52:45","slug":"nosotros","status":"publish","type":"page","link":"https:\/\/esfrezumpango.com\/index.php\/nosotros\/","title":{"rendered":"Nosotros"},"content":{"rendered":"\n<div class=\"wp-block-cover alignfull\" style=\"min-height:380px;aspect-ratio:unset;\"><span aria-hidden=\"true\" class=\"wp-block-cover__background has-vivid-cyan-blue-background-color has-background-dim-80 has-background-dim\"><\/span><img loading=\"lazy\" decoding=\"async\" width=\"1280\" height=\"518\" class=\"wp-block-cover__image-background wp-image-1398\" alt=\"\" src=\"http:\/\/esfrezumpango.com\/wp-content\/uploads\/2022\/06\/nosotros-2-1.jpg\" style=\"object-position:49% 16%\" data-object-fit=\"cover\" data-object-position=\"49% 16%\" srcset=\"https:\/\/esfrezumpango.com\/wp-content\/uploads\/2022\/06\/nosotros-2-1.jpg 1280w, https:\/\/esfrezumpango.com\/wp-content\/uploads\/2022\/06\/nosotros-2-1-300x121.jpg 300w, https:\/\/esfrezumpango.com\/wp-content\/uploads\/2022\/06\/nosotros-2-1-1024x414.jpg 1024w, https:\/\/esfrezumpango.com\/wp-content\/uploads\/2022\/06\/nosotros-2-1-768x311.jpg 768w\" sizes=\"(max-width: 1280px) 100vw, 1280px\" \/><div class=\"wp-block-cover__inner-container is-layout-flow wp-block-cover-is-layout-flow\">\n<div style=\"height:220px\" aria-hidden=\"true\" class=\"wp-block-spacer\"><\/div>\n\n\n\n<h1 class=\"wp-block-heading has-text-align-center has-white-color has-text-color\" style=\"text-transform:uppercase\">NOSOTROS   |  ESFRE ZUMPANGO\u200b<\/h1>\n<\/div><\/div>\n\n\n\n<div style=\"height:25px\" aria-hidden=\"true\" class=\"wp-block-spacer\"><\/div>\n\n\n\n<div class=\"inherit-container-width wp-block-group alignfull has-ast-global-color-5-background-color has-background is-layout-constrained wp-block-group-is-layout-constrained\"><div class=\"wp-block-group__inner-container\">\n<div class=\"wp-block-columns is-layout-flex wp-container-core-columns-is-layout-2 wp-block-columns-is-layout-flex\">\n<div class=\"wp-block-column is-layout-flow wp-block-column-is-layout-flow\">\n<h1 class=\"wp-block-heading\" style=\"font-size:32px;text-transform:uppercase\">escuela superior de fisioterapia y rehabilitaci\u00f3n<br>FUNDADA EN 2012\u200b<\/h1>\n\n\n\n<div class=\"wp-block-columns is-layout-flex wp-container-core-columns-is-layout-1 wp-block-columns-is-layout-flex\">\n<div class=\"wp-block-column is-layout-flow wp-block-column-is-layout-flow\" style=\"flex-basis:50%\">\n<pre class=\"wp-block-verse\">La Escuela Superior de Fisioterapia y Rehabilitaci\u00f3n ESFRE, fue fundada en el a\u00f1o 2012 y creada como Centro de Formaci\u00f3n para el Trabajo y Ayuda a la Clase Trabajadora a capacitarse con un enfoque en la Competencia Laboral.<\/pre>\n<\/div>\n\n\n\n<div class=\"wp-block-column is-layout-flow wp-block-column-is-layout-flow\" style=\"flex-basis:50%\">\n<figure class=\"wp-block-image aligncenter size-large\"><img loading=\"lazy\" decoding=\"async\" width=\"1024\" height=\"414\" src=\"http:\/\/esfrezumpango.com\/wp-content\/uploads\/2022\/06\/nosotros-2-1-1024x414.jpg\" alt=\"\" class=\"wp-image-1398\" srcset=\"https:\/\/esfrezumpango.com\/wp-content\/uploads\/2022\/06\/nosotros-2-1-1024x414.jpg 1024w, https:\/\/esfrezumpango.com\/wp-content\/uploads\/2022\/06\/nosotros-2-1-300x121.jpg 300w, https:\/\/esfrezumpango.com\/wp-content\/uploads\/2022\/06\/nosotros-2-1-768x311.jpg 768w, https:\/\/esfrezumpango.com\/wp-content\/uploads\/2022\/06\/nosotros-2-1.jpg 1280w\" sizes=\"(max-width: 1024px) 100vw, 1024px\" \/><figcaption class=\"wp-element-caption\">\u00a1Somos una gran comunidad!<\/figcaption><\/figure>\n<\/div>\n<\/div>\n<\/div>\n<\/div>\n<\/div><\/div>\n\n\n\n<p><\/p>\n","protected":false},"excerpt":{"rendered":"<p>escuela superior de fisioterapia y rehabilitaci\u00f3nFUNDADA EN 2012\u200b La Escuela Superior de Fisioterapia y Rehabilitaci\u00f3n ESFRE, fue fundada en el a\u00f1o 2012 y creada como Centro de Formaci\u00f3n para el Trabajo y Ayuda a la Clase Trabajadora a capacitarse con un enfoque en la Competencia Laboral.<\/p>\n","protected":false},"author":1,"featured_media":0,"parent":0,"menu_order":0,"comment_status":"closed","ping_status":"closed","template":"","meta":{"_uag_custom_page_level_css":"","site-sidebar-layout":"no-sidebar","site-content-layout":"plain-container","ast-site-content-layout":"normal-width-container","site-content-style":"unboxed","site-sidebar-style":"unboxed","ast-global-header-display":"","ast-banner-title-visibility":"","ast-main-header-display":"","ast-hfb-above-header-display":"","ast-hfb-below-header-display":"","ast-hfb-mobile-header-display":"","site-post-title":"disabled","ast-breadcrumbs-content":"","ast-featured-img":"disabled","footer-sml-layout":"","theme-transparent-header-meta":"enabled","adv-header-id-meta":"","stick-header-meta":"","header-above-stick-meta":"","header-main-stick-meta":"","header-below-stick-meta":"","astra-migrate-meta-layouts":"set","ast-page-background-enabled":"default","ast-page-background-meta":{"desktop":{"background-color":"","background-image":"","background-repeat":"repeat","background-position":"center center","background-size":"auto","background-attachment":"scroll","background-type":"","background-media":"","overlay-type":"","overlay-color":"","overlay-opacity":"","overlay-gradient":""},"tablet":{"background-color":"","background-image":"","background-repeat":"repeat","background-position":"center center","background-size":"auto","background-attachment":"scroll","background-type":"","background-media":"","overlay-type":"","overlay-color":"","overlay-opacity":"","overlay-gradient":""},"mobile":{"background-color":"","background-image":"","background-repeat":"repeat","background-position":"center center","background-size":"auto","background-attachment":"scroll","background-type":"","background-media":"","overlay-type":"","overlay-color":"","overlay-opacity":"","overlay-gradient":""}},"ast-content-background-meta":{"desktop":{"background-color":"var(--ast-global-color-5)","background-image":"","background-repeat":"repeat","background-position":"center center","background-size":"auto","background-attachment":"scroll","background-type":"","background-media":"","overlay-type":"","overlay-color":"","overlay-opacity":"","overlay-gradient":""},"tablet":{"background-color":"var(--ast-global-color-5)","background-image":"","background-repeat":"repeat","background-position":"center center","background-size":"auto","background-attachment":"scroll","background-type":"","background-media":"","overlay-type":"","overlay-color":"","overlay-opacity":"","overlay-gradient":""},"mobile":{"background-color":"var(--ast-global-color-5)","background-image":"","background-repeat":"repeat","background-position":"center center","background-size":"auto","background-attachment":"scroll","background-type":"","background-media":"","overlay-type":"","overlay-color":"","overlay-opacity":"","overlay-gradient":""}},"footnotes":""},"class_list":["post-218","page","type-page","status-publish","hentry"],"uagb_featured_image_src":{"full":false,"thumbnail":false,"medium":false,"medium_large":false,"large":false,"1536x1536":false,"2048x2048":false},"uagb_author_info":{"display_name":"JuanManuel","author_link":"https:\/\/esfrezumpango.com\/index.php\/author\/juanmanuel\/"},"uagb_comment_info":0,"uagb_excerpt":"escuela superior de fisioterapia y rehabilitaci\u00f3nFUNDADA EN 2012\u200b La Escuela Superior de Fisioterapia y Rehabilitaci\u00f3n ESFRE, fue fundada en el a\u00f1o 2012 y creada como Centro de Formaci\u00f3n para el Trabajo y Ayuda a la Clase Trabajadora a capacitarse con un enfoque en la Competencia Laboral.","_links":{"self":[{"href":"https:\/\/esfrezumpango.com\/index.php\/wp-json\/wp\/v2\/pages\/218"}],"collection":[{"href":"https:\/\/esfrezumpango.com\/index.php\/wp-json\/wp\/v2\/pages"}],"about":[{"href":"https:\/\/esfrezumpango.com\/index.php\/wp-json\/wp\/v2\/types\/page"}],"author":[{"embeddable":true,"href":"https:\/\/esfrezumpango.com\/index.php\/wp-json\/wp\/v2\/users\/1"}],"replies":[{"embeddable":true,"href":"https:\/\/esfrezumpango.com\/index.php\/wp-json\/wp\/v2\/comments?post=218"}],"version-history":[{"count":4,"href":"https:\/\/esfrezumpango.com\/index.php\/wp-json\/wp\/v2\/pages\/218\/revisions"}],"predecessor-version":[{"id":2070,"href":"https:\/\/esfrezumpango.com\/index.php\/wp-json\/wp\/v2\/pages\/218\/revisions\/2070"}],"wp:attachment":[{"href":"https:\/\/esfrezumpango.com\/index.php\/wp-json\/wp\/v2\/media?parent=218"}],"curies":[{"name":"wp","href":"https:\/\/api.w.org\/{rel}","templated":true}]}}

<div class="wp-block-cover alignfull" style="min-height:380px;aspect-ratio:unset;"><span aria-hidden="true" class="wp-block-cover__background has-vivid-cyan-blue-background-color has-background-dim-80 has-background-dim"></span><img loading="lazy" decoding="async" width="1280" height="518" class="wp-block-cover__image-background wp-image-1398" alt="" src="http://esfrezumpango.com/wp-content/uploads/2022/06/nosotros-2-1.jpg" style="object-position:49% 16%" data-object-fit="cover" data-object-position="49% 16%" srcset="https://esfrezumpango.com/wp-content/uploads/2022/06/nosotros-2-1.jpg 1280w, https://esfrezumpango.com/wp-content/uploads/2022/06/nosotros-2-1-300x121.jpg 300w, https://esfrezumpango.com/wp-content/uploads/2022/06/nosotros-2-1-1024x414.jpg 1024w, https://esfrezumpango.com/wp-content/uploads/2022/06/nosotros-2-1-768x311.jpg 768w" sizes="(max-width: 1280px) 100vw, 1280px" /><div class="wp-block-cover__inner-container is-layout-flow wp-block-cover-is-layout-flow">
<div style="height:220px" aria-hidden="true" class="wp-block-spacer"></div>



<h1 class="wp-block-heading has-text-align-center has-white-color has-text-color" style="text-transform:uppercase">NOSOTROS   |  ESFRE ZUMPANGO​</h1>
</div></div>



<div style="height:25px" aria-hidden="true" class="wp-block-spacer"></div>



<div class="inherit-container-width wp-block-group alignfull has-ast-global-color-5-background-color has-background is-layout-constrained wp-block-group-is-layout-constrained"><div class="wp-block-group__inner-container">
<div class="wp-block-columns is-layout-flex wp-container-core-columns-is-layout-2 wp-block-columns-is-layout-flex">
<div class="wp-block-column is-layout-flow wp-block-column-is-layout-flow">
<h1 class="wp-block-heading" style="font-size:32px;text-transform:uppercase">escuela superior de fisioterapia y rehabilitación<br>FUNDADA EN 2012​</h1>



<div class="wp-block-columns is-layout-flex wp-container-core-columns-is-layout-1 wp-block-columns-is-layout-flex">
<div class="wp-block-column is-layout-flow wp-block-column-is-layout-flow" style="flex-basis:50%">
<pre class="wp-block-verse">La Escuela Superior de Fisioterapia y Rehabilitación ESFRE, fue fundada en el año 2012 y creada como Centro de Formación para el Trabajo y Ayuda a la Clase Trabajadora a capacitarse con un enfoque en la Competencia Laboral.</pre>
</div>



<div class="wp-block-column is-layout-flow wp-block-column-is-layout-flow" style="flex-basis:50%">
<figure class="wp-block-image aligncenter size-large"><img loading="lazy" decoding="async" width="1024" height="414" src="http://esfrezumpango.com/wp-content/uploads/2022/06/nosotros-2-1-1024x414.jpg" alt="" class="wp-image-1398" srcset="https://esfrezumpango.com/wp-content/uploads/2022/06/nosotros-2-1-1024x414.jpg 1024w, https://esfrezumpango.com/wp-content/uploads/2022/06/nosotros-2-1-300x121.jpg 300w, https://esfrezumpango.com/wp-content/uploads/2022/06/nosotros-2-1-768x311.jpg 768w, https://esfrezumpango.com/wp-content/uploads/2022/06/nosotros-2-1.jpg 1280w" sizes="(max-width: 1024px) 100vw, 1024px" /><figcaption class="wp-element-caption">¡Somos una gran comunidad!</figcaption></figure>
</div>
</div>
</div>
</div>
</div></div>



<p></p>

<p>escuela superior de fisioterapia y rehabilitaciónFUNDADA EN 2012​ La Escuela Superior de Fisioterapia y Rehabilitación ESFRE, fue fundada en el año 2012 y creada como Centro de Formación para el Trabajo y Ayuda a la Clase Trabajadora a capacitarse con un enfoque en la Competencia Laboral.</p>

escuela superior de fisioterapia y rehabilitaciónFUNDADA EN 2012​ La Escuela Superior de Fisioterapia y Rehabilitación ESFRE, fue fundada en el año 2012 y creada como Centro de Formación para el Trabajo y Ayuda a la Clase Trabajadora a capacitarse con un enfoque en la Competencia Laboral.
